{"id":2090,"date":"2020-09-19T08:26:17","date_gmt":"2020-09-19T07:26:17","guid":{"rendered":"http:\/\/www.bskbardejov.chess.sk\/?page_id=2090"},"modified":"2021-07-04T21:56:04","modified_gmt":"2021-07-04T20:56:04","slug":"kalendar","status":"publish","type":"page","link":"https:\/\/www.bskbardejov.chess.sk\/index.php\/kalendar\/","title":{"rendered":"Kalend\u00e1r"},"content":{"rendered":"\n<div class=\"wp-block-group\"><div class=\"wp-block-group__inner-container is-layout-flow wp-block-group-is-layout-flow\">\n<div class=\"wp-block-group\"><div class=\"wp-block-group__inner-container is-layout-flow wp-block-group-is-layout-flow\">\n<figure class=\"wp-block-table is-style-stripes\"><table><thead><tr><th>Term\u00edn<\/th><th>N\u00e1zov Turnaja<\/th><th>Inform\u00e1cie<\/th><\/tr><\/thead><tbody><tr><td><strong>2021. 07. 10 &#8211;<br>2021. 07. 18<\/strong><\/td><td><strong>Medzin\u00e1rodn\u00e9 majstrovstv\u00e1 Slovenska jednotlivcov mu\u017eov a \u017eien v \u0161achu<\/strong><br>Pie\u0161tany<\/td><td><a href=\"https:\/\/www.chess.sk\/files\/turnaje\/1_MSR2021_propozicie.pdf\" target=\"_blank\" rel=\"noreferrer noopener\">Propoz\u00edcie<\/a><\/td><\/tr><tr><td><strong>2021. 07. 16 &#8211;<br>2021. 07. 18<\/strong><\/td><td><strong>Ko\u0161ick\u00fd v\u00edken\u010f\u00e1k 2021<\/strong><br>Ko\u0161ice<\/td><td><a href=\"https:\/\/www.chess.sk\/files\/turnaje\/Kosicky_vikendak_2021.pdf\" target=\"_blank\" rel=\"noreferrer noopener\">Propoz\u00edcie<\/a><\/td><\/tr><tr><td><strong>2021. 07. 24<\/strong><\/td><td><strong>SIM-SIM Majstrovstv\u00e1 Slovenska v BLESKOVOM \u0161achu<\/strong><br>Ko\u0161ice<\/td><td><a href=\"https:\/\/www.chess.sk\/files\/turnaje\/Majstrovstva_SR_bleskovy_sach_2021_SVK.pdf\" target=\"_blank\" rel=\"noreferrer noopener\">Propoz\u00edcie<\/a><\/td><\/tr><tr><td><strong>2021. 07. 29 &#8211;<br>2021. 08. 01<\/strong><\/td><td><strong>PRE\u0160OV OPEN 2021<\/strong><br>Pre\u0161ov<\/td><td><a href=\"https:\/\/www.chess.sk\/files\/turnaje\/OPEN2021.propozicie.aktual.docx\" target=\"_blank\" rel=\"noreferrer noopener\">Propoz\u00edcie<\/a><\/td><\/tr><\/tbody><\/table><\/figure>\n<\/div><\/div>\n<\/div><\/div>\n","protected":false},"excerpt":{"rendered":"<p>Term\u00edn N\u00e1zov Turnaja Inform\u00e1cie 2021. 07. 10 &#8211;2021. 07. 18 Medzin\u00e1rodn\u00e9 majstrovstv\u00e1 Slovenska jednotlivcov mu\u017eov a \u017eien v \u0161achuPie\u0161tany Propoz\u00edcie 2021. 07. 16 &#8211;2021. 07. 18 Ko\u0161ick\u00fd v\u00edken\u010f\u00e1k 2021Ko\u0161ice Propoz\u00edcie [&hellip;]<\/p>\n","protected":false},"author":5,"featured_media":0,"parent":0,"menu_order":0,"comment_status":"closed","ping_status":"closed","template":"","meta":{"footnotes":""},"class_list":["post-2090","page","type-page","status-publish","hentry"],"yoast_head":"<!-- This site is optimized with the Yoast SEO plugin v16.6.1 - https:\/\/yoast.com\/wordpress\/plugins\/seo\/ -->\n<title>Kalend\u00e1r - B\u0160K Bardejov<\/title>\n<meta name=\"robots\" content=\"index, follow, max-snippet:-1, max-image-preview:large, max-video-preview:-1\" \/>\n<link rel=\"canonical\" href=\"https:\/\/www.bskbardejov.chess.sk\/index.php\/kalendar\/\" \/>\n<meta property=\"og:locale\" content=\"sk_SK\" \/>\n<meta property=\"og:type\" content=\"article\" \/>\n<meta property=\"og:title\" content=\"Kalend\u00e1r - B\u0160K Bardejov\" \/>\n<meta property=\"og:description\" content=\"Term\u00edn N\u00e1zov Turnaja Inform\u00e1cie 2021. 07. 10 &#8211;2021. 07. 18 Medzin\u00e1rodn\u00e9 majstrovstv\u00e1 Slovenska jednotlivcov mu\u017eov a \u017eien v \u0161achuPie\u0161tany Propoz\u00edcie 2021. 07. 16 &#8211;2021. 07. 18 Ko\u0161ick\u00fd v\u00edken\u010f\u00e1k 2021Ko\u0161ice Propoz\u00edcie [&hellip;]\" \/>\n<meta property=\"og:url\" content=\"https:\/\/www.bskbardejov.chess.sk\/index.php\/kalendar\/\" \/>\n<meta property=\"og:site_name\" content=\"B\u0160K Bardejov\" \/>\n<meta property=\"article:modified_time\" content=\"2021-07-04T20:56:04+00:00\" \/>\n<meta name=\"twitter:card\" content=\"summary\" \/>\n<script type=\"application\/ld+json\" class=\"yoast-schema-graph\">{\"@context\":\"https:\/\/schema.org\",\"@graph\":[{\"@type\":\"WebSite\",\"@id\":\"https:\/\/www.bskbardejov.chess.sk\/#website\",\"url\":\"https:\/\/www.bskbardejov.chess.sk\/\",\"name\":\"B\\u0160K Bardejov\",\"description\":\"Bardejovsk\\u00fd \\u0161achov\\u00fd klub\",\"potentialAction\":[{\"@type\":\"SearchAction\",\"target\":{\"@type\":\"EntryPoint\",\"urlTemplate\":\"https:\/\/www.bskbardejov.chess.sk\/?s={search_term_string}\"},\"query-input\":\"required name=search_term_string\"}],\"inLanguage\":\"sk-SK\"},{\"@type\":\"WebPage\",\"@id\":\"https:\/\/www.bskbardejov.chess.sk\/index.php\/kalendar\/#webpage\",\"url\":\"https:\/\/www.bskbardejov.chess.sk\/index.php\/kalendar\/\",\"name\":\"Kalend\\u00e1r - B\\u0160K Bardejov\",\"isPartOf\":{\"@id\":\"https:\/\/www.bskbardejov.chess.sk\/#website\"},\"datePublished\":\"2020-09-19T07:26:17+00:00\",\"dateModified\":\"2021-07-04T20:56:04+00:00\",\"breadcrumb\":{\"@id\":\"https:\/\/www.bskbardejov.chess.sk\/index.php\/kalendar\/#breadcrumb\"},\"inLanguage\":\"sk-SK\",\"potentialAction\":[{\"@type\":\"ReadAction\",\"target\":[\"https:\/\/www.bskbardejov.chess.sk\/index.php\/kalendar\/\"]}]},{\"@type\":\"BreadcrumbList\",\"@id\":\"https:\/\/www.bskbardejov.chess.sk\/index.php\/kalendar\/#breadcrumb\",\"itemListElement\":[{\"@type\":\"ListItem\",\"position\":1,\"name\":\"Domovsk\\u00e1 str\\u00e1nka\",\"item\":\"https:\/\/www.bskbardejov.chess.sk\/\"},{\"@type\":\"ListItem\",\"position\":2,\"name\":\"Kalend\\u00e1r\"}]}]}<\/script>\n<!-- \/ Yoast SEO plugin. -->","_links":{"self":[{"href":"https:\/\/www.bskbardejov.chess.sk\/index.php\/wp-json\/wp\/v2\/pages\/2090","targetHints":{"allow":["GET"]}}],"collection":[{"href":"https:\/\/www.bskbardejov.chess.sk\/index.php\/wp-json\/wp\/v2\/pages"}],"about":[{"href":"https:\/\/www.bskbardejov.chess.sk\/index.php\/wp-json\/wp\/v2\/types\/page"}],"author":[{"embeddable":true,"href":"https:\/\/www.bskbardejov.chess.sk\/index.php\/wp-json\/wp\/v2\/users\/5"}],"replies":[{"embeddable":true,"href":"https:\/\/www.bskbardejov.chess.sk\/index.php\/wp-json\/wp\/v2\/comments?post=2090"}],"version-history":[{"count":16,"href":"https:\/\/www.bskbardejov.chess.sk\/index.php\/wp-json\/wp\/v2\/pages\/2090\/revisions"}],"predecessor-version":[{"id":2137,"href":"https:\/\/www.bskbardejov.chess.sk\/index.php\/wp-json\/wp\/v2\/pages\/2090\/revisions\/2137"}],"wp:attachment":[{"href":"https:\/\/www.bskbardejov.chess.sk\/index.php\/wp-json\/wp\/v2\/media?parent=2090"}],"curies":[{"name":"wp","href":"https:\/\/api.w.org\/{rel}","templated":true}]}}