{"id":875,"date":"2016-10-02T12:42:27","date_gmt":"2016-10-02T11:42:27","guid":{"rendered":"http:\/\/www.bskbardejov.chess.sk\/?page_id=875"},"modified":"2018-08-09T06:06:22","modified_gmt":"2018-08-09T05:06:22","slug":"msr-blitz","status":"publish","type":"page","link":"https:\/\/www.bskbardejov.chess.sk\/index.php\/msr-blitz\/","title":{"rendered":"VV B\u0160K"},"content":{"rendered":"<p><strong>6.8.2018-zasadnutie VV<\/strong><\/p>\n<p>&nbsp;<\/p>\n<p><strong>2018 :<a href=\"http:\/\/www.bskbardejov.chess.sk\/wp-content\/uploads\/2016\/10\/Z\u00e1pisnica-zo-zasadnutia-VV-B\u0160K.doc\">Z\u00e1pisnica zo zasadnutia VV B\u0160K<\/a>\u00a001\/2018 zo d\u0148a 9.2.2018<\/strong><\/p>\n<p>&nbsp;<\/p>\n<p>&nbsp;<\/p>\n<p><strong>Z\u00e1pisnice :<\/strong><\/p>\n<p><a href=\"http:\/\/www.bskbardejov.chess.sk\/wp-content\/uploads\/2016\/10\/VV-j\u00fal.doc\">VV-j\u00fal<\/a>&#8211; Z\u00e1pisnica zo zasadnutia VV<\/p>\n<p><a href=\"http:\/\/www.bskbardejov.chess.sk\/wp-content\/uploads\/2016\/10\/VV-Maj.doc\">VV -Maj<\/a>\u00a0 <strong>z\u00e1pisnica zo 4. zasadnutia VV\u00a0<\/strong><\/p>\n<p><a href=\"http:\/\/www.bskbardejov.chess.sk\/wp-content\/uploads\/2016\/10\/VV-32017-1.doc\">VV 32017<\/a>&#8211;<strong> Z\u00e1pisnica z 3.zasadnutia VV<\/strong><\/p>\n<p><strong>\u00a0<\/strong><strong>28.02.2017 \u00a0 Z\u00e1pisnica z 2.zasadnutia VV :<a href=\"http:\/\/www.bskbardejov.chess.sk\/wp-content\/uploads\/2016\/10\/vv-druh\u00e1-1.doc\">vv-druh\u00e1<\/a><\/strong><\/p>\n<p><strong>31.01.2017 \u00a0 \u00a0 Z\u00e1pisnica z 1.zasadnutia VV :<a href=\"http:\/\/www.bskbardejov.chess.sk\/wp-content\/uploads\/2017\/01\/VV-prva.doc\">VV -prva<\/a><\/strong><\/p>\n<p><strong>Z\u00e1pisnica z V\u00fdro\u010dnej \u010dlenskej sch\u00f4dze, 20.01.2017 :<a href=\"http:\/\/www.bskbardejov.chess.sk\/wp-content\/uploads\/2017\/01\/Z\u00e1pisnica-V\u010cS-B\u0160K-2017.doc\">Z\u00e1pisnica V\u010cS B\u0160K 2017<\/a><\/strong><\/p>\n<p>&nbsp;<\/p>\n","protected":false},"excerpt":{"rendered":"<p>6.8.2018-zasadnutie VV &nbsp; 2018 :Z\u00e1pisnica zo zasadnutia VV B\u0160K\u00a001\/2018 zo d\u0148a 9.2.2018 &nbsp; &nbsp; Z\u00e1pisnice : VV-j\u00fal&#8211; Z\u00e1pisnica zo zasadnutia VV VV -Maj\u00a0 z\u00e1pisnica zo 4. zasadnutia VV\u00a0 VV 32017&#8211; [&hellip;]<\/p>\n","protected":false},"author":1,"featured_media":0,"parent":0,"menu_order":0,"comment_status":"closed","ping_status":"closed","template":"","meta":{"footnotes":""},"class_list":["post-875","page","type-page","status-publish","hentry"],"yoast_head":"<!-- This site is optimized with the Yoast SEO plugin v16.6.1 - https:\/\/yoast.com\/wordpress\/plugins\/seo\/ -->\n<title>VV B\u0160K - B\u0160K Bardejov<\/title>\n<meta name=\"robots\" content=\"index, follow, max-snippet:-1, max-image-preview:large, max-video-preview:-1\" \/>\n<link rel=\"canonical\" href=\"https:\/\/www.bskbardejov.chess.sk\/index.php\/msr-blitz\/\" \/>\n<meta property=\"og:locale\" content=\"sk_SK\" \/>\n<meta property=\"og:type\" content=\"article\" \/>\n<meta property=\"og:title\" content=\"VV B\u0160K - B\u0160K Bardejov\" \/>\n<meta property=\"og:description\" content=\"6.8.2018-zasadnutie VV &nbsp; 2018 :Z\u00e1pisnica zo zasadnutia VV B\u0160K\u00a001\/2018 zo d\u0148a 9.2.2018 &nbsp; &nbsp; Z\u00e1pisnice : VV-j\u00fal&#8211; Z\u00e1pisnica zo zasadnutia VV VV -Maj\u00a0 z\u00e1pisnica zo 4. zasadnutia VV\u00a0 VV 32017&#8211; [&hellip;]\" \/>\n<meta property=\"og:url\" content=\"https:\/\/www.bskbardejov.chess.sk\/index.php\/msr-blitz\/\" \/>\n<meta property=\"og:site_name\" content=\"B\u0160K Bardejov\" \/>\n<meta property=\"article:modified_time\" content=\"2018-08-09T05:06:22+00:00\" \/>\n<meta name=\"twitter:card\" content=\"summary\" \/>\n<script type=\"application\/ld+json\" class=\"yoast-schema-graph\">{\"@context\":\"https:\/\/schema.org\",\"@graph\":[{\"@type\":\"WebSite\",\"@id\":\"https:\/\/www.bskbardejov.chess.sk\/#website\",\"url\":\"https:\/\/www.bskbardejov.chess.sk\/\",\"name\":\"B\\u0160K Bardejov\",\"description\":\"Bardejovsk\\u00fd \\u0161achov\\u00fd klub\",\"potentialAction\":[{\"@type\":\"SearchAction\",\"target\":{\"@type\":\"EntryPoint\",\"urlTemplate\":\"https:\/\/www.bskbardejov.chess.sk\/?s={search_term_string}\"},\"query-input\":\"required name=search_term_string\"}],\"inLanguage\":\"sk-SK\"},{\"@type\":\"WebPage\",\"@id\":\"https:\/\/www.bskbardejov.chess.sk\/index.php\/msr-blitz\/#webpage\",\"url\":\"https:\/\/www.bskbardejov.chess.sk\/index.php\/msr-blitz\/\",\"name\":\"VV B\\u0160K - B\\u0160K Bardejov\",\"isPartOf\":{\"@id\":\"https:\/\/www.bskbardejov.chess.sk\/#website\"},\"datePublished\":\"2016-10-02T11:42:27+00:00\",\"dateModified\":\"2018-08-09T05:06:22+00:00\",\"breadcrumb\":{\"@id\":\"https:\/\/www.bskbardejov.chess.sk\/index.php\/msr-blitz\/#breadcrumb\"},\"inLanguage\":\"sk-SK\",\"potentialAction\":[{\"@type\":\"ReadAction\",\"target\":[\"https:\/\/www.bskbardejov.chess.sk\/index.php\/msr-blitz\/\"]}]},{\"@type\":\"BreadcrumbList\",\"@id\":\"https:\/\/www.bskbardejov.chess.sk\/index.php\/msr-blitz\/#breadcrumb\",\"itemListElement\":[{\"@type\":\"ListItem\",\"position\":1,\"name\":\"Domovsk\\u00e1 str\\u00e1nka\",\"item\":\"https:\/\/www.bskbardejov.chess.sk\/\"},{\"@type\":\"ListItem\",\"position\":2,\"name\":\"VV B\\u0160K\"}]}]}<\/script>\n<!-- \/ Yoast SEO plugin. -->","_links":{"self":[{"href":"https:\/\/www.bskbardejov.chess.sk\/index.php\/wp-json\/wp\/v2\/pages\/875","targetHints":{"allow":["GET"]}}],"collection":[{"href":"https:\/\/www.bskbardejov.chess.sk\/index.php\/wp-json\/wp\/v2\/pages"}],"about":[{"href":"https:\/\/www.bskbardejov.chess.sk\/index.php\/wp-json\/wp\/v2\/types\/page"}],"author":[{"embeddable":true,"href":"https:\/\/www.bskbardejov.chess.sk\/index.php\/wp-json\/wp\/v2\/users\/1"}],"replies":[{"embeddable":true,"href":"https:\/\/www.bskbardejov.chess.sk\/index.php\/wp-json\/wp\/v2\/comments?post=875"}],"version-history":[{"count":14,"href":"https:\/\/www.bskbardejov.chess.sk\/index.php\/wp-json\/wp\/v2\/pages\/875\/revisions"}],"predecessor-version":[{"id":1919,"href":"https:\/\/www.bskbardejov.chess.sk\/index.php\/wp-json\/wp\/v2\/pages\/875\/revisions\/1919"}],"wp:attachment":[{"href":"https:\/\/www.bskbardejov.chess.sk\/index.php\/wp-json\/wp\/v2\/media?parent=875"}],"curies":[{"name":"wp","href":"https:\/\/api.w.org\/{rel}","templated":true}]}}