{"id":9,"date":"2016-01-08T12:40:16","date_gmt":"2016-01-08T11:40:16","guid":{"rendered":"http:\/\/www.bskbardejov.chess.sk\/?page_id=9"},"modified":"2017-03-13T20:04:55","modified_gmt":"2017-03-13T19:04:55","slug":"kontakt","status":"publish","type":"page","link":"https:\/\/www.bskbardejov.chess.sk\/index.php\/kontakt\/","title":{"rendered":"Kontakt"},"content":{"rendered":"<table style=\"height: 347px;\" width=\"769\">\n<tbody>\n<tr>\n<td bgcolor=\"#FFFFFF\"><strong>Ing. J\u00e1n Cuper<\/strong><\/p>\n<p style=\"padding-left: 30px;\"><strong style=\"font-family: inherit; font-size: inherit; line-height: 1.0;\">predseda B\u0160K,<br \/>\n<\/strong><strong>0905282724,<br \/>\n<\/strong><strong> <a>jan.cuper@statistics.sk<\/a><\/strong><\/p>\n<p><strong> Mgr. Jana Jen\u010dopa\u013eov\u00e1<\/strong><\/p>\n<p>jencopalova.jana@gmail.com<\/p>\n<p style=\"padding-left: 30px;\"><strong>Adresa klubu:<\/strong><\/p>\n<p style=\"padding-left: 30px;\"><strong>Rhodyho 6, 085 01 Bardejov<\/strong><\/p>\n<p><a href=\"mailto:bskbardejovchess@gmail.com\">Nap\u00ed\u0161te n\u00e1m<\/a><\/td>\n<\/tr>\n<\/tbody>\n<\/table>\n<p><strong>\u00a0<\/strong><\/p>\n","protected":false},"excerpt":{"rendered":"<p>Ing. J\u00e1n Cuper predseda B\u0160K, 0905282724, jan.cuper@statistics.sk Mgr. Jana Jen\u010dopa\u013eov\u00e1 jencopalova.jana@gmail.com Adresa klubu: Rhodyho 6, 085 01 Bardejov Nap\u00ed\u0161te n\u00e1m \u00a0<\/p>\n","protected":false},"author":1,"featured_media":0,"parent":0,"menu_order":0,"comment_status":"closed","ping_status":"closed","template":"","meta":{"footnotes":""},"class_list":["post-9","page","type-page","status-publish","hentry"],"yoast_head":"<!-- This site is optimized with the Yoast SEO plugin v16.6.1 - https:\/\/yoast.com\/wordpress\/plugins\/seo\/ -->\n<title>Kontakt - B\u0160K Bardejov<\/title>\n<meta name=\"robots\" content=\"index, follow, max-snippet:-1, max-image-preview:large, max-video-preview:-1\" \/>\n<link rel=\"canonical\" href=\"https:\/\/www.bskbardejov.chess.sk\/index.php\/kontakt\/\" \/>\n<meta property=\"og:locale\" content=\"sk_SK\" \/>\n<meta property=\"og:type\" content=\"article\" \/>\n<meta property=\"og:title\" content=\"Kontakt - B\u0160K Bardejov\" \/>\n<meta property=\"og:description\" content=\"Ing. J\u00e1n Cuper predseda B\u0160K, 0905282724, jan.cuper@statistics.sk Mgr. Jana Jen\u010dopa\u013eov\u00e1 jencopalova.jana@gmail.com Adresa klubu: Rhodyho 6, 085 01 Bardejov Nap\u00ed\u0161te n\u00e1m \u00a0\" \/>\n<meta property=\"og:url\" content=\"https:\/\/www.bskbardejov.chess.sk\/index.php\/kontakt\/\" \/>\n<meta property=\"og:site_name\" content=\"B\u0160K Bardejov\" \/>\n<meta property=\"article:modified_time\" content=\"2017-03-13T19:04:55+00:00\" \/>\n<meta name=\"twitter:card\" content=\"summary\" \/>\n<script type=\"application\/ld+json\" class=\"yoast-schema-graph\">{\"@context\":\"https:\/\/schema.org\",\"@graph\":[{\"@type\":\"WebSite\",\"@id\":\"https:\/\/www.bskbardejov.chess.sk\/#website\",\"url\":\"https:\/\/www.bskbardejov.chess.sk\/\",\"name\":\"B\\u0160K Bardejov\",\"description\":\"Bardejovsk\\u00fd \\u0161achov\\u00fd klub\",\"potentialAction\":[{\"@type\":\"SearchAction\",\"target\":{\"@type\":\"EntryPoint\",\"urlTemplate\":\"https:\/\/www.bskbardejov.chess.sk\/?s={search_term_string}\"},\"query-input\":\"required name=search_term_string\"}],\"inLanguage\":\"sk-SK\"},{\"@type\":\"WebPage\",\"@id\":\"https:\/\/www.bskbardejov.chess.sk\/index.php\/kontakt\/#webpage\",\"url\":\"https:\/\/www.bskbardejov.chess.sk\/index.php\/kontakt\/\",\"name\":\"Kontakt - B\\u0160K Bardejov\",\"isPartOf\":{\"@id\":\"https:\/\/www.bskbardejov.chess.sk\/#website\"},\"datePublished\":\"2016-01-08T11:40:16+00:00\",\"dateModified\":\"2017-03-13T19:04:55+00:00\",\"breadcrumb\":{\"@id\":\"https:\/\/www.bskbardejov.chess.sk\/index.php\/kontakt\/#breadcrumb\"},\"inLanguage\":\"sk-SK\",\"potentialAction\":[{\"@type\":\"ReadAction\",\"target\":[\"https:\/\/www.bskbardejov.chess.sk\/index.php\/kontakt\/\"]}]},{\"@type\":\"BreadcrumbList\",\"@id\":\"https:\/\/www.bskbardejov.chess.sk\/index.php\/kontakt\/#breadcrumb\",\"itemListElement\":[{\"@type\":\"ListItem\",\"position\":1,\"name\":\"Domovsk\\u00e1 str\\u00e1nka\",\"item\":\"https:\/\/www.bskbardejov.chess.sk\/\"},{\"@type\":\"ListItem\",\"position\":2,\"name\":\"Kontakt\"}]}]}<\/script>\n<!-- \/ Yoast SEO plugin. -->","_links":{"self":[{"href":"https:\/\/www.bskbardejov.chess.sk\/index.php\/wp-json\/wp\/v2\/pages\/9","targetHints":{"allow":["GET"]}}],"collection":[{"href":"https:\/\/www.bskbardejov.chess.sk\/index.php\/wp-json\/wp\/v2\/pages"}],"about":[{"href":"https:\/\/www.bskbardejov.chess.sk\/index.php\/wp-json\/wp\/v2\/types\/page"}],"author":[{"embeddable":true,"href":"https:\/\/www.bskbardejov.chess.sk\/index.php\/wp-json\/wp\/v2\/users\/1"}],"replies":[{"embeddable":true,"href":"https:\/\/www.bskbardejov.chess.sk\/index.php\/wp-json\/wp\/v2\/comments?post=9"}],"version-history":[{"count":9,"href":"https:\/\/www.bskbardejov.chess.sk\/index.php\/wp-json\/wp\/v2\/pages\/9\/revisions"}],"predecessor-version":[{"id":1213,"href":"https:\/\/www.bskbardejov.chess.sk\/index.php\/wp-json\/wp\/v2\/pages\/9\/revisions\/1213"}],"wp:attachment":[{"href":"https:\/\/www.bskbardejov.chess.sk\/index.php\/wp-json\/wp\/v2\/media?parent=9"}],"curies":[{"name":"wp","href":"https:\/\/api.w.org\/{rel}","templated":true}]}}